 = -0*q + q - 3. Let g be (2/c - 1) + -12. Is b(g) a prime number?
False
Let f(h) = 352*h**2 + 731*h - 188. Is f(-35) a prime number?
False
Suppose 26*x = -32*x + 1034314. Is x a prime number?
False
Is (5 + -3 - 263159)/(3 - 6) composite?
False
Suppose y - 3*y + 56 = -3*w, -76 = -2*y - 2*w. Suppose -y = 6*o - 94. Suppose -o*i + 4*i + 24 = 0. Is i composite?
True
Suppose 0 = 2*r - 2*q - 4, 5*r - 3*r - 2 = 4*q. Suppose -6*v = r*v - 4698. Suppose 2*h = 2*x + 3*h - v, -5*h = 3*x - 769. Is x composite?
False
Let i(a) = -a**3 - 15*a**2 - 16*a - 32. Suppose 4*q = 3*k + 50, 4*q + q - 38 = 2*k. Let r be i(k). Let l = r + 227. Is l a prime number?
True
Is (61058/(-12)*-3)/(260/520) composite?
False
Suppose h = -618 - 390. Let r = h + 2055. Suppose -2471 = -5*i + 2*u, 4*u - r - 913 = -4*i. Is i prime?
False
Let b be 1*(-4)/(-12)*9*-1. Is (-4261)/(-1) - (-4)/b*-3 a composite number?
True
Let a(r) = -59*r - 24. Let c be (3/(-2) + 2)/(1/(-18)). Let n be a(c). Let k = 844 - n. Is k composite?
False
Suppose -43*c = -40*c - 15. Suppose 2*q - c*q = -7857. Let w = q + -1360. Is w prime?
True
Let z(u) be the second derivative of 123*u**4 + u**3/3 + 3*u**2/2 + 16*u + 14. Let i = -4 - -3. Is z(i) prime?
False
Let d = -365 + 1001. Let m(o) = -o**3 + o**2 + 2*o + 681. Let v be m(0). Suppose 3*t - d = v. Is t a composite number?
False
Suppose -11*m + 18346 = -977209. Let f = -63746 + m. Is f prime?
True
Let b(f) = 64*f + 7 + 12*f + 41*f. Let p be b(7). Let z = -323 + p. Is z composite?
False
Let w = -2 - -35. Suppose -w*v + 44546 = 10160. Is v a composite number?
True
Let d = -18 - -14. Let m(u) = -659*u + 12. Let f be m(d). Suppose -f = -x - 7*x. Is x composite?
False
Suppose 3*d = -4*f - 16, -3*f + 4*f = -2*d - 4. Suppose 15*a = -2678 + 10628. Suppose d = -2*v + 4*v - a. Is v composite?
True
Let n = -108 - -260. Let q(v) = -v - 2*v**2 + 9*v**2 + 155 - n. Is q(-7) a prime number?
True
Let z(r) = 2*r**2 + 58*r - 641. Is z(-87) prime?
False
Let j(r) = r**3 + r**2 + 5*r + 1679. Suppose 7*h = 3*h. Is j(h) a composite number?
True
Suppose -1451453 - 990188 = -5*n - 14*w, -976570 = -2*n + 4*w. Is n composite?
False
Let j = 450 + 1283. Is j composite?
False
Let i = 190611 + -60904. Is i a prime number?
True
Let j(y) = -7*y - 16. Let q be j(-3). Let n(z) = 135*z - 2. Is n(q) a prime number?
True
Is (-246696)/(-16) - (-15)/6 prime?
False
Is 4724/(-6)*20745/(-30) prime?
False
Suppose -28 = -s - 15. Let z(t) = -3*t**2 - t - 14. Let k be z(s). Let j = 275 - k. Is j composite?
False
Suppose -2*a + 89217 = -2*n - 129359, 4*a = 5*n + 437151. Is a composite?
True
Let i(n) = n**2 + 10*n + 31. Suppose 19 = 25*m + 619. Is i(m) a composite number?
False
Suppose -8*w + 10*w + 14 = 0, -5*w - 415354 = -u. Is u prime?
True
Suppose -2*r = -40 - 372. Suppose 2*t - k - r = 1047, -1874 = -3*t - 4*k. Is t prime?
False
Suppose -6*c - 44 = -26. Is (-11)/((-77)/28) - c*151 a prime number?
True
Is 5*1*(-10 - (-242382)/6) composite?
True
Let b be (-376)/(-6)*(0 + (5 - 8)). Let q = b - -195. Is q a composite number?
False
Let j = -228050 - -324721. Is j prime?
True
Let v = -398 - -401. Suppose v*r + 11729 = 28400. Is r composite?
False
Suppose 0 = u - 40 + 12. Suppose u*o + 36 = 31*o. Is -1*57*(-20)/o a prime number?
False
Let n be -3*(6/9)/(-1). Suppose 0 = -5*r, 2*h = -2*h + n*r + 3384. Suppose 7*o = h + 169. Is o prime?
False
Let n(w) = 25*w**2 - 133*w + 43. Is n(54) composite?
False
Let a(x) = -30*x**3 - 4*x**2 - 5*x - 2. Suppose 0 = 2*m - 0*m - 36. Let h = m - 21. Is a(h) prime?
True
Let d(p) = 9271*p - 2816. Is d(27) composite?
False
Let d(b) = 20*b**3 - 6*b**2 + 19*b + 19. Let t be 16/(-8)*3*1/(-1). Is d(t) prime?
False
Let l(b) = -36*b**2 - 4*b - 16*b - 2*b**3 + 0*b - 17 + 7*b. Is l(-18) composite?
True
Suppose -161 = -n - 156. Suppose 4*h - n*a = 28459, 2*a - 9295 - 26320 = -5*h. Is h composite?
False
Suppose -2*r + 8 = -10. Suppose -11*v = -2*v - 2367. Suppose 2*k + r = v. Is k prime?
True
Is 99939/(-63)*435/(-5) a prime number?
False
Let y(n) = -n**2 - 19*n + 53. Let k be y(-20). Suppose k - 93 = 3*f. Is (-2908)/(-4)*f/(-4) a composite number?
True
Let c(a) = 7*a**3 - 18*a**2 + 12*a - 10. Let j(l) = 8*l**3 - 18*l**2 + 11*l - 9. Let m(p) = -7*c(p) + 6*j(p). Let r be m(17). Is (0 - (-189 + r)) + 1 composite?
False
Suppose -4*n + 4 = -4*d, -3 = n - 4*n - 5*d. Suppose x - 13 = -4*t + 3, -5*t + 4*x - n = 0. Suppose 2*l + t*l = 1315. Is l composite?
False
Suppose c = 6*c - 2616480. Suppose -13*v + c = -7*v. Is 8/(-44) - -1*v/44 a prime number?
False
Let c(i) = 2516*i - 42. Let u be c(13). Suppose 0 = -349*b + 347*b + u. Is b composite?
False
Let j(u) = -u**3 - 11*u**2 - 16*u + 19. Let f be j(-9). Let s be (1 + -6)/(-2 + f). Suppose -484 = -o - s*a, 3*o + a + 1001 = 5*o. Is o prime?
True
Let w(y) = -44*y**2 + 12*y + 2. Let k(t) = t**2 - t + 1. Let n(x) = -3*k(x) - w(x). Let a be n(-3). Suppose 3*r - 2*v = -r + 386, 0 = 4*r + 3*v - a. Is r prime?
True
Suppose -9*r - 3*v + 72686 = -5*r, 0 = -5*r - v + 90841. Is r a prime number?
False
Suppose 497*n - 496*n - 4 = 0. Suppose -1460 + 6524 = n*k + 4*s, 0 = 2*k + s - 2528. Is k composite?
True
Let b(a) = 3112*a**2 + 11*a - 11. Let c be b(3). Let i = c - 16881. Is i prime?
True
Let g = 170 - 168. Suppose g*j - 8124 = -2*j. Is j composite?
True
Let l = -48 - -51. Let u be ((-48)/(-10))/l*170/68. Suppose 0*y = 2*y - 2*r - 1962, -4903 = -5*y + u*r. Is y a composite number?
True
Suppose 368*f = 358*f + 2101570. Is f a prime number?
True
Suppose -5*h - 1023 = 32. Let r = h + 339. Let i = 199 - r. Is i a composite number?
False
Let k = 61 - 47. Let t be ((-505)/14 + 8/k)*4. Is (8 + 3)/(-5 + (-712)/t) a composite number?
True
Let r(n) = 38458*n + 3177. Is r(5) composite?
True
Let i = 2877 + -4250. Let a = 6198 - i. Is a prime?
False
Let q(o) = o**3 + 255*o**2 - 598*o - 23. Is q(-130) a composite number?
False
Let j(v) be the second derivative of v**5/20 + v**4/4 - 5*v**3/3 + 10*v**2 + 29*v. Let o be j(-6). Is (-2)/4 + (-29386)/o composite?
False
Let c = -532 - -538. Is c/(-12)*(-7 + 3 - 7730) composite?
True
Suppose 2*x = 3*c - 2*c + 20, -20 = -4*x. Let l(b) be the third derivative of -23*b**4/6 - 7*b**3/2 - 87*b**2. Is l(c) a prime number?
False
Let r(o) = -25*o - 20. Let d = -28 - -39. Let q(s) = 49*s + 40. Let g(n) = d*r(n) + 6*q(n). Is g(9) composite?
False
Suppose -14*u = -13*u. Suppose -183*m + 175*m + 21656 = u. Is m prime?
True
Let y = 114764 + 84387. Is y prime?
True
Suppose -4*r + 2*o = 82, 4*r + 43 = -5*o - 60. Let i be 1 + (-2438)/r - (-10)/55. Let v = i + 69. Is v a composite number?
False
Let i = -33 + 36. Let d = i - 0. Suppose d*c - 53 = -l + 2*c, -2*l - 4*c = -114. Is l prime?
False
Let p be -30*((-8)/(-12))/(-1). Suppose -4*d + 0 = 5*u + p, 49 = -3*u + 5*d. Is 76660/(-8)*u/20 a composite number?
False
Let s = 55561 - 30768. Is s prime?
True
Let b(q) = 2*q + 22. Let v be b(-4). Let k(w) = -w**3 + 13*w**2 + 4*w - 30. Let d be k(v). Let o = d + 373. Is o prime?
False
Suppose 147*f - 72*f = 73*f + 35246. Is f a prime number?
True
Let v(n) = -946*n - 447. Is v(-56) prime?
True
Let i be 602/4*((-5816)/(-56) + 11). Suppose 13*v - i - 33973 = 0. Is v prime?
True
Let n(d) be the first derivative of -d**4/4 - 4*d**3 + 27*d**2/2 + 39*d - 92. Is n(-16) a prime number?
True
Let m be (2/(-7))/(4/(-56)). Suppose 5*g = -m*t + 28, -6 = -t + g - 2*g. Suppose -z = -t*z + 1099. Is z prime?
False
Let x(n) = n**2 - 13*n + 52. Let w be x(5). Let l(r) = 43*r**2 + 16*r + 31. Is l(w) composite?
True
Suppose 7*i - 251973 - 4164 = 0. Is i a composite number?
True
Let a = -71354 + 104433. Is a a prime number?
False
Suppose -96142 - 18676 = 17*w. Is -2*(w/4 - -3)*1 a composite number?
False
Let r(x) = 3*x**2 + 43*x + 127. Is r(0) a prime number?
True
Let v = -38 + 38. Suppose 2*b + v*b = 10, 5*t - 10 = 4*b. Is t composite?
True
Is (70/((-1470)/63))/(34916/(-34913) + 1) a composite number?
False
Suppose -360022 = -4*k + 2*f, -450030 = -5*k + f + f. Suppose 0 = -h - 7*h + k. Is h a prime number?
True
Suppose 3*b = -5*l - 20, -2*b - 5*l = 3*b + 20. Suppose -2*h + b*h = 4*y + 6, 3*y - 3 = h. Is (25 + 4)*(h - -8) prime?
False
Suppose 0 = 7*o - 25*o. Suppose -2*g + 4245 = 5*u + 1226, -4*g - 5*u + 6053 = o. Is g a prime number?
False
Let y(v) = -v**3 - 13*v**2 - v + 8285. Let